{"id":21,"date":"2013-09-26T10:55:44","date_gmt":"2013-09-26T08:55:44","guid":{"rendered":"http:\/\/www.focus-beratung.de\/?page_id=21"},"modified":"2024-12-10T19:03:44","modified_gmt":"2024-12-10T17:03:44","slug":"coaching","status":"publish","type":"page","link":"https:\/\/www.focus-beratung.de\/?page_id=21","title":{"rendered":"Coaching"},"content":{"rendered":"<p>&nbsp;<\/p>\n<h1><strong>Coaching<\/strong><\/h1>\n<div class=\"leftcolumn\">\n<p class=\"before-ul\">Wenn Sie<\/p>\n<ul>\n<li>mehr Effizienz in Ihrem beruflichen Handeln erreichen m\u00f6chten<\/li>\n<li>Ihre Arbeitssituation mit fachlicher Unterst\u00fctzung strukturiert betrachten m\u00f6chten<\/li>\n<li>Handlungsstrategien entwickeln und \u00fcberpr\u00fcfen m\u00f6chten<\/li>\n<li>Ihren Umgang mit Ihrer Zeit und eigenen Ressourcen verbessern m\u00f6chten<\/li>\n<\/ul>\n<p>dann bietet Ihnen Coaching sehr effektive Chancen f\u00fcr eine pers\u00f6nliche Standortbestimmung mit &#8222;dem Blick von au\u00dfen&#8220;. Sie erlangen Klarheit \u00fcber Ihre Rolle und Position und werden authentischer in Ihrem Handeln.<\/p>\n<p>Als Coach begleite ich Sie wie ein Lotse durch schwierige Situationen,<br \/>\nweise Sie auf Gefahrenstellen hin und erarbeite mit Ihnen m\u00f6gliche Handlungsoptionen.<\/p>\n<p class=\"before-ul\">Meine Methoden im Coaching:<\/p>\n<ul>\n<li style=\"list-style-type: none;\">\n<ul>\n<li>Gespr\u00e4chs- und Visualisierungstechniken<\/li>\n<li>System- und Kommunikationsanalyse<\/li>\n<li>Potentialanalyse und Arbeiten mit den eigenen St\u00e4rken<\/li>\n<\/ul>\n<\/li>\n<\/ul>\n<p>&nbsp;<\/p>\n<p><strong><span style=\"color: #3366ff;\">Supervision und Coaching sind auch online ( Telefon, Video ) m\u00f6glich.<\/span><\/strong><\/p>\n<p>Weitere Informationen unter Tel. 0049 171 1744750<\/p>\n<p><\/div><div class=\"rightcolumn\"><\/p>\n<p><img loading=\"lazy\" class=\"alignleft size-thumbnail wp-image-76\" src=\"http:\/\/www.focus-beratung.de\/wp-content\/uploads\/2013\/09\/Detlef-Sommer-1-150x150.jpg\" alt=\"Detlef Sommer 1\" width=\"150\" height=\"150\" \/><\/p>\n<p>COACH<br \/>\nDetlev Sommer,\u00a0 Supervisor \/ Coach DGSV, Dipl. Sozialp\u00e4dagoge\u00a0FH<\/p>\n<p>Seit 1989 selbst\u00e4ndig als Supervisor, Coach von F\u00fchrungskr\u00e4ften, Organisationsberater und Trainer.<br \/>\nMitglied in der Dt. Gesellschaft f\u00fcr Supervision und Coaching DGSV, K\u00f6ln<\/p>\n<p>Fort- und Weiterbildungen:<\/p>\n<p>Familientherapie, Kommunikationstheorie, Psychodrama, Organisationsberatung, Qualit\u00e4tsmanagement, Mediation,<br \/>\nl\u00f6sungsorientierte Beratung, Mitarbeiterf\u00fchrung, systemische Strukturaufstellungen, Zeit- und Selbstorganisation, betriebliches Gesundheitsmanagement, Onlineberatung, hypnosystemische Methoden\u00a0 u.a.<\/p>\n<p>Lehrbeauftragter an der Hochschule Landshut im Masterstudiengang Klinische Sozialarbeit 2014 &#8211; 2016<\/p>\n<p>Lehrsupervisor an der Kath. Stiftungshochschule M\u00fcnchen<a href=\"http:\/\/www.focus-beratung.de\/wp-content\/uploads\/2013\/09\/Logo-DGSV-schwarz.png\"><img loading=\"lazy\" class=\"alignnone size-full wp-image-294\" src=\"http:\/\/www.focus-beratung.de\/wp-content\/uploads\/2013\/09\/Logo-DGSV-schwarz.png\" alt=\"Logo DGSV schwarz\" width=\"228\" height=\"193\" \/><\/a><\/p>\n<p><\/div><\/p>\n<p>&nbsp;<\/p>\n","protected":false},"excerpt":{"rendered":"<p>&nbsp; Coaching &nbsp;<\/p>\n","protected":false},"author":1,"featured_media":0,"parent":0,"menu_order":0,"comment_status":"closed","ping_status":"closed","template":"","meta":[],"_links":{"self":[{"href":"https:\/\/www.focus-beratung.de\/index.php?rest_route=\/wp\/v2\/pages\/21"}],"collection":[{"href":"https:\/\/www.focus-beratung.de\/index.php?rest_route=\/wp\/v2\/pages"}],"about":[{"href":"https:\/\/www.focus-beratung.de\/index.php?rest_route=\/wp\/v2\/types\/page"}],"author":[{"embeddable":true,"href":"https:\/\/www.focus-beratung.de\/index.php?rest_route=\/wp\/v2\/users\/1"}],"replies":[{"embeddable":true,"href":"https:\/\/www.focus-beratung.de\/index.php?rest_route=%2Fwp%2Fv2%2Fcomments&post=21"}],"version-history":[{"count":48,"href":"https:\/\/www.focus-beratung.de\/index.php?rest_route=\/wp\/v2\/pages\/21\/revisions"}],"predecessor-version":[{"id":560,"href":"https:\/\/www.focus-beratung.de\/index.php?rest_route=\/wp\/v2\/pages\/21\/revisions\/560"}],"wp:attachment":[{"href":"https:\/\/www.focus-beratung.de\/index.php?rest_route=%2Fwp%2Fv2%2Fmedia&parent=21"}],"curies":[{"name":"wp","href":"https:\/\/api.w.org\/{rel}","templated":true}]}}