{"id":15,"date":"2013-09-26T10:54:38","date_gmt":"2013-09-26T08:54:38","guid":{"rendered":"http:\/\/www.focus-beratung.de\/?page_id=15"},"modified":"2020-07-20T12:25:17","modified_gmt":"2020-07-20T10:25:17","slug":"links","status":"publish","type":"page","link":"https:\/\/www.focus-beratung.de\/?page_id=15","title":{"rendered":"Links"},"content":{"rendered":"<h1>Links<\/h1>\n<p>Dt. Gesellschaft f\u00fcr Supervision und Coaching: <a title=\"DGSV.de\" href=\"http:\/\/www.DGSV.de\" target=\"_blank\">www.dgsv.de<\/a><\/p>\n<p>ANSE &#8211; Association of National Organisations for Supervision in Europe: <a title=\"anse.eu\" href=\"http:\/\/www.anse.eu\/home.html\" target=\"_blank\">www.anse.eu<\/a><\/p>\n<p>\u00d6sterreichische Vereinigung f\u00fcr Supervision und Coaching: <a title=\"\u00d6VS\" href=\"http:\/\/www.\u00f6vs.at\" target=\"_blank\">www.oevs.at<\/a><\/p>\n<p>Schweizer Berufsverband f\u00fcr Coaching, Supervision und Organisationsberatung BSO: <a title=\"bso.ch\" href=\"http:\/\/www.bso.ch\" target=\"_blank\">www.bso.ch<\/a><\/p>\n<p>Definition Supervision Wikipedia: <a title=\"Wikipedia\" href=\"http:\/\/de.wikipedia.org\/wiki\/Supervision\" target=\"_blank\">de.wikipedia.org\/wiki\/Supervision<\/a><\/p>\n<p>Wirtschaftsmagazin BrandEins: <a title=\"brandeins.de\" href=\"http:\/\/www.brandeins.de\/\" target=\"_blank\">www.brandeins.de\/<\/a><\/p>\n<p>Zeitschrift Forum Supervision: <a title=\"Uni Bielefeld\" href=\"http:\/\/fs.ub.uni-bielefeld.de\/index.php\/fs\/index\" target=\"_blank\">fs.ub.uni-bielefeld.de\/index.php\/fs\/index<\/a><\/p>\n<p>Zeitschrift Supervision: <a title=\"Zeitschrift Supervision\" href=\"http:\/\/zeitschrift-supervision.de\/\" target=\"_blank\">http:\/\/zeitschrift-supervision.de\/<\/a><\/p>\n<p>Managementwissen Online: <a title=\"Managementwissen Online\" href=\"http:\/\/www.mwonline.de\/db\/home\/\" target=\"_blank\">http:\/\/managementwissenonline.de<\/a><\/p>\n<p>Zeitschrift Organisationsentwicklung: <a title=\"Zeitschrift Organisationsentwicklung\" href=\"http:\/\/www.zoe-online.org\/\" target=\"_blank\">http:\/\/www.zoe-online.org\/<\/a><\/p>\n","protected":false},"excerpt":{"rendered":"<p>Links Dt. Gesellschaft f\u00fcr Supervision und Coaching: www.dgsv.de ANSE &#8211; Association of National Organisations for Supervision in Europe: www.anse.eu \u00d6sterreichische Vereinigung f\u00fcr Supervision und Coaching: www.oevs.at Schweizer Berufsverband f\u00fcr Coaching, Supervision und Organisationsberatung BSO: www.bso.ch Definition Supervision Wikipedia: de.wikipedia.org\/wiki\/Supervision Wirtschaftsmagazin &hellip; <a href=\"https:\/\/www.focus-beratung.de\/?page_id=15\">Weiterlesen <span class=\"meta-nav\">&rarr;<\/span><\/a><\/p>\n","protected":false},"author":1,"featured_media":0,"parent":0,"menu_order":0,"comment_status":"closed","ping_status":"closed","template":"","meta":[],"_links":{"self":[{"href":"https:\/\/www.focus-beratung.de\/index.php?rest_route=\/wp\/v2\/pages\/15"}],"collection":[{"href":"https:\/\/www.focus-beratung.de\/index.php?rest_route=\/wp\/v2\/pages"}],"about":[{"href":"https:\/\/www.focus-beratung.de\/index.php?rest_route=\/wp\/v2\/types\/page"}],"author":[{"embeddable":true,"href":"https:\/\/www.focus-beratung.de\/index.php?rest_route=\/wp\/v2\/users\/1"}],"replies":[{"embeddable":true,"href":"https:\/\/www.focus-beratung.de\/index.php?rest_route=%2Fwp%2Fv2%2Fcomments&post=15"}],"version-history":[{"count":16,"href":"https:\/\/www.focus-beratung.de\/index.php?rest_route=\/wp\/v2\/pages\/15\/revisions"}],"predecessor-version":[{"id":427,"href":"https:\/\/www.focus-beratung.de\/index.php?rest_route=\/wp\/v2\/pages\/15\/revisions\/427"}],"wp:attachment":[{"href":"https:\/\/www.focus-beratung.de\/index.php?rest_route=%2Fwp%2Fv2%2Fmedia&parent=15"}],"curies":[{"name":"wp","href":"https:\/\/api.w.org\/{rel}","templated":true}]}}